{"id":136,"date":"2010-05-12T11:40:32","date_gmt":"2010-05-12T11:40:32","guid":{"rendered":"http:\/\/wl31www531.webland.ch\/?page_id=4"},"modified":"2025-05-05T05:20:40","modified_gmt":"2025-05-05T03:20:40","slug":"caferestaurantbahnhofwalzenhausen","status":"publish","type":"page","link":"https:\/\/beckmeyerhans.ch\/web\/caferestaurantbahnhofwalzenhausen\/","title":{"rendered":"CAFE  RESTAURANT BAHNHOF"},"content":{"rendered":"<p>Lassen Sie sich in unserem wundersch\u00f6nen und heimeligen Restaurant von unserer feinen K\u00fcche verw\u00f6hnen. Ob Vereine, Gruppen, Firmen oder Familienanl\u00e4sse, f\u00fcr jeden Event sind wir bestens ger\u00fcstet. Ein Saal bietet zudem die M\u00f6glichkeit f\u00fcr getrenntes Ambiente.<\/p>\n<p>Um Sie ein wenig gluschtig zu machen, finden Sie hier auch einige Menuevorschl\u00e4ge, welche wir nat\u00fcrlich auch gerne Ihren Bed\u00fcrfnissen anpassen.<\/p>\n<p>Unser Restaurant mit Wintergarten l\u00e4dt Sie ein \u2013 zum Zn\u00fcni am Vormittag, zum Zmittag mit feinen Snacks und Mittags-Men\u00fcs oder zu einem gem\u00fctlichen Nachmittags-Treff mit feinster Patisserie aus unserem Laden.<\/p>\n<p><strong>Hier einige feine Sachen aus unsere Konditorei:<\/strong><br \/>\nCr\u00e8merollen, Cr\u00e8me-Schnitte, verschiedene Torten, Sandwiches, verschiedene belegete Br\u00f6tchen etc&#8230;<\/p>\n<p>Und wie immer alles frisch aus unserer hauseigenen Produktion.<\/p>\n<h3><\/h3>\n<p>&nbsp;<\/p>\n<p><a href=\"http:\/\/wl31www531.webland.ch\/wp-content\/uploads\/2010\/05\/IMG_9670.jpg\" data-rel=\"lightbox-gallery-Y461jQEw\" data-rl_title=\"\" data-rl_caption=\"\"><img decoding=\"async\" class=\"responsive\" title=\"\" src=\"http:\/\/wl31www531.webland.ch\/wp-content\/uploads\/2010\/05\/IMG_9670.jpg\" alt=\"\" \/><\/a><\/p>\n<p>&nbsp;<\/p>\n<p><a href=\"http:\/\/wl31www531.webland.ch\/wp-content\/uploads\/2010\/05\/IMG_9671.jpg\" data-rel=\"lightbox-gallery-Y461jQEw\" data-rl_title=\"\" data-rl_caption=\"\"><img decoding=\"async\" class=\"responsive\" title=\"\" src=\"http:\/\/wl31www531.webland.ch\/wp-content\/uploads\/2010\/05\/IMG_9671.jpg\" alt=\"\" \/><\/a><\/p>\n<p>&nbsp;<\/p>\n<p><a href=\"https:\/\/beckmeyerhans.ch\/web\/wp-content\/uploads\/2025\/05\/Wasser-Sommer-2025.pdf\">Tageskarte2025<\/a><\/p>\n","protected":false},"excerpt":{"rendered":"<p>Lassen Sie sich in unserem wundersch\u00f6nen und heimeligen Restaurant von unserer feinen K\u00fcche verw\u00f6hnen. Ob Vereine, Gruppen, Firmen oder Familienanl\u00e4sse, f\u00fcr jeden Event sind wir bestens ger\u00fcstet. Ein Saal bietet zudem die M\u00f6glichkeit f\u00fcr getrenntes Ambiente. Um Sie ein wenig gluschtig zu machen, finden Sie hier auch einige Menuevorschl\u00e4ge, welche wir nat\u00fcrlich auch gerne Ihren [&hellip;]<\/p>\n","protected":false},"author":1,"featured_media":1308,"parent":0,"menu_order":4,"comment_status":"open","ping_status":"open","template":"TMP_SUB_2LEVEL.php","meta":{"_acf_changed":false,"footnotes":""},"class_list":["post-136","page","type-page","status-publish","has-post-thumbnail","hentry"],"acf":[],"_links":{"self":[{"href":"https:\/\/beckmeyerhans.ch\/web\/wp-json\/wp\/v2\/pages\/136","targetHints":{"allow":["GET"]}}],"collection":[{"href":"https:\/\/beckmeyerhans.ch\/web\/wp-json\/wp\/v2\/pages"}],"about":[{"href":"https:\/\/beckmeyerhans.ch\/web\/wp-json\/wp\/v2\/types\/page"}],"author":[{"embeddable":true,"href":"https:\/\/beckmeyerhans.ch\/web\/wp-json\/wp\/v2\/users\/1"}],"replies":[{"embeddable":true,"href":"https:\/\/beckmeyerhans.ch\/web\/wp-json\/wp\/v2\/comments?post=136"}],"version-history":[{"count":24,"href":"https:\/\/beckmeyerhans.ch\/web\/wp-json\/wp\/v2\/pages\/136\/revisions"}],"predecessor-version":[{"id":1662,"href":"https:\/\/beckmeyerhans.ch\/web\/wp-json\/wp\/v2\/pages\/136\/revisions\/1662"}],"wp:featuredmedia":[{"embeddable":true,"href":"https:\/\/beckmeyerhans.ch\/web\/wp-json\/wp\/v2\/media\/1308"}],"wp:attachment":[{"href":"https:\/\/beckmeyerhans.ch\/web\/wp-json\/wp\/v2\/media?parent=136"}],"curies":[{"name":"wp","href":"https:\/\/api.w.org\/{rel}","templated":true}]}}