{"id":58,"date":"2010-05-12T13:26:19","date_gmt":"2010-05-12T11:26:19","guid":{"rendered":"http:\/\/wl31www531.webland.ch\/?page_id=58"},"modified":"2023-06-22T11:11:20","modified_gmt":"2023-06-22T09:11:20","slug":"walzenhauser-sandsteine","status":"publish","type":"page","link":"https:\/\/beckmeyerhans.ch\/web\/backereikonditorei\/walzenhauser-sandsteine\/","title":{"rendered":"Walzenhauser Sandsteine"},"content":{"rendered":"<p>Eine unserer beliebten Kreationen ist der Walzenhauser Sandstein. Eine Schokoladenspezialit\u00e4t aus feinster Schweizer Maracaibo Couverture, mit Mandeln und Haseln\u00fcssen verfeinert.<\/p>\n<p>Dank Ihrer besten Zubereitung, eignen sich die Walzehauser Sandsteine auch in der w\u00e4rmeren Jahreszeit als hervorragendes Geschenk. Viele Fans dieser Spezialit\u00e4t finden sich immer wieder in unserm Gesch\u00e4ft, also versuchen auch Sie einmal diese zarte Versuchung.<\/p>\n<p><a href=\"https:\/\/beckmeyerhans.ch\/WEB\/wp-content\/uploads\/2023\/06\/sandsteine.jpg\" data-rel=\"lightbox-gallery-tePc0TYr\" data-rl_title=\"\" data-rl_caption=\"\" title=\"\"><img loading=\"lazy\" decoding=\"async\" src=\"https:\/\/beckmeyerhans.ch\/WEB\/wp-content\/uploads\/2023\/06\/sandsteine.jpg\" alt=\"\" width=\"990\" height=\"544\" class=\"responsive\" \/><\/a><\/p>\n<p><a href=\"https:\/\/beckmeyerhans.ch\/WEB\/wp-content\/uploads\/2023\/06\/DSC_0180-scaled.jpg\" data-rel=\"lightbox-gallery-tePc0TYr\" data-rl_title=\"\" data-rl_caption=\"\" title=\"\"><img loading=\"lazy\" decoding=\"async\" src=\"https:\/\/beckmeyerhans.ch\/WEB\/wp-content\/uploads\/2023\/06\/DSC_0180-scaled.jpg\" alt=\"\" width=\"2560\" height=\"1714\" class=\"responsive\" \/><\/a><\/p>\n<p><a href=\"https:\/\/beckmeyerhans.ch\/WEB\/wp-content\/uploads\/2023\/06\/DSC_0179-scaled.jpg\" data-rel=\"lightbox-gallery-tePc0TYr\" data-rl_title=\"\" data-rl_caption=\"\" title=\"\"><img loading=\"lazy\" decoding=\"async\" src=\"https:\/\/beckmeyerhans.ch\/WEB\/wp-content\/uploads\/2023\/06\/DSC_0179-scaled.jpg\" alt=\"\" width=\"2560\" height=\"1714\" class=\"responsive\" \/><\/a><\/p>\n","protected":false},"excerpt":{"rendered":"<p>Eine unserer beliebten Kreationen ist der Walzenhauser Sandstein. Eine Schokoladenspezialit\u00e4t aus feinster Schweizer Maracaibo Couverture, mit Mandeln und Haseln\u00fcssen verfeinert. Dank Ihrer besten Zubereitung, eignen sich die Walzehauser Sandsteine auch in der w\u00e4rmeren Jahreszeit als hervorragendes Geschenk. Viele Fans dieser Spezialit\u00e4t finden sich immer wieder in unserm Gesch\u00e4ft, also versuchen auch Sie einmal diese zarte [&hellip;]<\/p>\n","protected":false},"author":1,"featured_media":0,"parent":6,"menu_order":24,"comment_status":"open","ping_status":"closed","template":"TMP_SUB_2LEVEL_NOHERO.php","meta":{"_acf_changed":false,"footnotes":""},"class_list":["post-58","page","type-page","status-publish","hentry"],"acf":[],"_links":{"self":[{"href":"https:\/\/beckmeyerhans.ch\/web\/wp-json\/wp\/v2\/pages\/58","targetHints":{"allow":["GET"]}}],"collection":[{"href":"https:\/\/beckmeyerhans.ch\/web\/wp-json\/wp\/v2\/pages"}],"about":[{"href":"https:\/\/beckmeyerhans.ch\/web\/wp-json\/wp\/v2\/types\/page"}],"author":[{"embeddable":true,"href":"https:\/\/beckmeyerhans.ch\/web\/wp-json\/wp\/v2\/users\/1"}],"replies":[{"embeddable":true,"href":"https:\/\/beckmeyerhans.ch\/web\/wp-json\/wp\/v2\/comments?post=58"}],"version-history":[{"count":3,"href":"https:\/\/beckmeyerhans.ch\/web\/wp-json\/wp\/v2\/pages\/58\/revisions"}],"predecessor-version":[{"id":1252,"href":"https:\/\/beckmeyerhans.ch\/web\/wp-json\/wp\/v2\/pages\/58\/revisions\/1252"}],"up":[{"embeddable":true,"href":"https:\/\/beckmeyerhans.ch\/web\/wp-json\/wp\/v2\/pages\/6"}],"wp:attachment":[{"href":"https:\/\/beckmeyerhans.ch\/web\/wp-json\/wp\/v2\/media?parent=58"}],"curies":[{"name":"wp","href":"https:\/\/api.w.org\/{rel}","templated":true}]}}