{"id":63,"date":"2010-05-12T13:43:04","date_gmt":"2010-05-12T11:43:04","guid":{"rendered":"http:\/\/wl31www531.webland.ch\/?page_id=63"},"modified":"2023-06-22T11:03:42","modified_gmt":"2023-06-22T09:03:42","slug":"fur-hochzeitsgesellschaften","status":"publish","type":"page","link":"https:\/\/beckmeyerhans.ch\/web\/caferestaurantbahnhofwalzenhausen\/fur-hochzeitsgesellschaften\/","title":{"rendered":"Hochzeitsgesellschaften"},"content":{"rendered":"<p>Sei es nur f\u00fcr einen Ap\u00e9ro nach der Trauung, oder zum feinen Essen, unser Haus steht Ihnen f\u00fcr bis zu\u00a075 Personen gerne zur Verf\u00fcgung.<\/p>\n<div class=\"row\">\n<div class=\"col-lg-4\"><a href=\"http:\/\/wl31www531.webland.ch\/wp-content\/uploads\/2010\/06\/Hochzeit.jpg\" data-rel=\"lightbox-gallery-KRaNhLi7\" data-rl_title=\"\" data-rl_caption=\"\"><img loading=\"lazy\" decoding=\"async\" class=\"responsive\" title=\"\" src=\"http:\/\/wl31www531.webland.ch\/wp-content\/uploads\/2010\/06\/Hochzeit.jpg\" alt=\"\" width=\"240\" height=\"183\" \/><\/a><\/div>\n<div class=\"col-lg-8\">\n<a href=\"http:\/\/wl31www531.webland.ch\/wp-content\/uploads\/2010\/06\/DSC_0071.jpg\" data-rel=\"lightbox-gallery-KRaNhLi7\" data-rl_title=\"\" data-rl_caption=\"\"><img loading=\"lazy\" decoding=\"async\" class=\"responsive\" title=\"\" src=\"http:\/\/wl31www531.webland.ch\/wp-content\/uploads\/2010\/06\/DSC_0071.jpg\" alt=\"\" width=\"286\" height=\"183\" \/><\/a><\/div>\n<\/div>\n","protected":false},"excerpt":{"rendered":"<p>Sei es nur f\u00fcr einen Ap\u00e9ro nach der Trauung, oder zum feinen Essen, unser Haus steht Ihnen f\u00fcr bis zu\u00a075 Personen gerne zur Verf\u00fcgung.<\/p>\n","protected":false},"author":1,"featured_media":0,"parent":136,"menu_order":0,"comment_status":"open","ping_status":"closed","template":"TMP_SUB_2LEVEL_NOHERO.php","meta":{"_acf_changed":false,"footnotes":""},"class_list":["post-63","page","type-page","status-publish","hentry"],"acf":[],"_links":{"self":[{"href":"https:\/\/beckmeyerhans.ch\/web\/wp-json\/wp\/v2\/pages\/63","targetHints":{"allow":["GET"]}}],"collection":[{"href":"https:\/\/beckmeyerhans.ch\/web\/wp-json\/wp\/v2\/pages"}],"about":[{"href":"https:\/\/beckmeyerhans.ch\/web\/wp-json\/wp\/v2\/types\/page"}],"author":[{"embeddable":true,"href":"https:\/\/beckmeyerhans.ch\/web\/wp-json\/wp\/v2\/users\/1"}],"replies":[{"embeddable":true,"href":"https:\/\/beckmeyerhans.ch\/web\/wp-json\/wp\/v2\/comments?post=63"}],"version-history":[{"count":5,"href":"https:\/\/beckmeyerhans.ch\/web\/wp-json\/wp\/v2\/pages\/63\/revisions"}],"predecessor-version":[{"id":1223,"href":"https:\/\/beckmeyerhans.ch\/web\/wp-json\/wp\/v2\/pages\/63\/revisions\/1223"}],"up":[{"embeddable":true,"href":"https:\/\/beckmeyerhans.ch\/web\/wp-json\/wp\/v2\/pages\/136"}],"wp:attachment":[{"href":"https:\/\/beckmeyerhans.ch\/web\/wp-json\/wp\/v2\/media?parent=63"}],"curies":[{"name":"wp","href":"https:\/\/api.w.org\/{rel}","templated":true}]}}