{"id":65,"date":"2010-05-12T13:43:30","date_gmt":"2010-05-12T11:43:30","guid":{"rendered":"http:\/\/wl31www531.webland.ch\/?page_id=65"},"modified":"2025-03-06T20:31:32","modified_gmt":"2025-03-06T19:31:32","slug":"fur-vereinsanlasse","status":"publish","type":"page","link":"https:\/\/beckmeyerhans.ch\/web\/caferestaurantbahnhofwalzenhausen\/fur-vereinsanlasse\/","title":{"rendered":"Gruppenangebote"},"content":{"rendered":"<p>Unser Wintergarten bietet Ihnen Platz f\u00fcr ca. 40 Personen, oder im ganzen Restaurant f\u00fcr ca. 75 Personen.<\/p>\n<p>Eine kleine Auswahl unseres Gruppen Angebotes finden Sie auf den unten aufgef\u00fchrten Men\u00fcvorschl\u00e4gen. Finden Sie nicht&#8217;s passendes, so setzten Sie sich mit uns in Verbindung und wir beraten Sie gerne.<\/p>\n<p><img loading=\"lazy\" decoding=\"async\" class=\"responsive\" src=\"https:\/\/beckmeyerhans.ch\/WEB\/wp-content\/uploads\/2023\/06\/IMG_9670.jpg\" alt=\"\" width=\"990\" height=\"660\" \/><\/p>\n<p>&nbsp;<\/p>\n<h3>Men\u00fcvorschl\u00e4ge<\/h3>\n<p>M\u00f6chten sie sich von uns verw\u00f6hnen lassen? Dann durchst\u00f6bern Sie unsere Menuvoschl\u00e4ge oder stellen sie ihr eigenes Lieblingsmenu zusammen. Bitte melden sie Unvertr\u00e4glichkeiten im Vorfeld an, damit auch diese mit liebe bekocht werden k\u00f6nnen. Unsere Menuvorschl\u00e4ge sind ab 15 Personen, das heisst, sie d\u00fcrfen sich pro Gruppe f\u00fcr 1 Fleisch- und 1 Vegimenu entscheiden.<\/p>\n<p><a href=\"https:\/\/beckmeyerhans.ch\/web\/wp-content\/uploads\/2025\/03\/Menuevorschlaege-2025.pdf\">Menuevorschlaege 2025<\/a><\/p>\n","protected":false},"excerpt":{"rendered":"<p>Unser Wintergarten bietet Ihnen Platz f\u00fcr ca. 40 Personen, oder im ganzen Restaurant f\u00fcr ca. 75 Personen. Eine kleine Auswahl unseres Gruppen Angebotes finden Sie auf den unten aufgef\u00fchrten Men\u00fcvorschl\u00e4gen. Finden Sie nicht&#8217;s passendes, so setzten Sie sich mit uns in Verbindung und wir beraten Sie gerne. &nbsp; Men\u00fcvorschl\u00e4ge M\u00f6chten sie sich von uns verw\u00f6hnen [&hellip;]<\/p>\n","protected":false},"author":1,"featured_media":0,"parent":136,"menu_order":4,"comment_status":"open","ping_status":"closed","template":"TMP_SUB_2LEVEL_NOHERO.php","meta":{"_acf_changed":false,"footnotes":""},"class_list":["post-65","page","type-page","status-publish","hentry"],"acf":[],"_links":{"self":[{"href":"https:\/\/beckmeyerhans.ch\/web\/wp-json\/wp\/v2\/pages\/65","targetHints":{"allow":["GET"]}}],"collection":[{"href":"https:\/\/beckmeyerhans.ch\/web\/wp-json\/wp\/v2\/pages"}],"about":[{"href":"https:\/\/beckmeyerhans.ch\/web\/wp-json\/wp\/v2\/types\/page"}],"author":[{"embeddable":true,"href":"https:\/\/beckmeyerhans.ch\/web\/wp-json\/wp\/v2\/users\/1"}],"replies":[{"embeddable":true,"href":"https:\/\/beckmeyerhans.ch\/web\/wp-json\/wp\/v2\/comments?post=65"}],"version-history":[{"count":10,"href":"https:\/\/beckmeyerhans.ch\/web\/wp-json\/wp\/v2\/pages\/65\/revisions"}],"predecessor-version":[{"id":1622,"href":"https:\/\/beckmeyerhans.ch\/web\/wp-json\/wp\/v2\/pages\/65\/revisions\/1622"}],"up":[{"embeddable":true,"href":"https:\/\/beckmeyerhans.ch\/web\/wp-json\/wp\/v2\/pages\/136"}],"wp:attachment":[{"href":"https:\/\/beckmeyerhans.ch\/web\/wp-json\/wp\/v2\/media?parent=65"}],"curies":[{"name":"wp","href":"https:\/\/api.w.org\/{rel}","templated":true}]}}